the millions digit of 11570222?
1
What is the ten thousands digit of 916843?
1
What is the millions digit of 19704139?
9
What is the units digit of 346770?
0
What is the hundreds digit of 909576?
5
What is the ten thousands digit of 2193678?
9
What is the millions digit of 1612253?
1
What is the units digit of 10861603?
3
What is the millions digit of 2492267?
2
What is the hundreds digit of 576503?
5
What is the hundred thousands digit of 3281262?
2
What is the hundreds digit of 3849273?
2
What is the units digit of 290597?
7
What is the hundreds digit of 221439?
4
What is the units digit of 107516?
6
What is the tens digit of 54708?
0
What is the hundred thousands digit of 920238?
9
What is the ten thousands digit of 19945?
1
What is the ten thousands digit of 16443873?
4
What is the hundred thousands digit of 17999747?
9
What is the ten thousands digit of 100000?
0
What is the ten thousands digit of 662412?
6
What is the ten thousands digit of 74083?
7
What is the millions digit of 1597422?
1
What is the ten thousands digit of 2506637?
0
What is the tens digit of 1155809?
0
What is the ten millions digit of 11237286?
1
What is the hundred thousands digit of 1750070?
7
What is the ten thousands digit of 397048?
9
What is the tens digit of 834544?
4
What is the units digit of 2254193?
3
What is the tens digit of 935957?
5
What is the thousands digit of 1838108?
8
What is the hundred thousands digit of 923298?
9
What is the hundreds digit of 11479743?
7
What is the tens digit of 115584?
8
What is the millions digit of 5004769?
5
What is the hundred thousands digit of 120761?
1
What is the hundred thousands digit of 3642669?
6
What is the hundreds digit of 44202?
2
What is the thousands digit of 3591877?
1
What is the tens digit of 3160488?
8
What is the thousands digit of 84178?
4
What is the tens digit of 122230?
3
What is the hundreds digit of 512866?
8
What is the units digit of 2012?
2
What is the ten thousands digit of 34774508?
7
What is the tens digit of 2223214?
1
What is the hundreds digit of 119254?
2
What is the hundred thousands digit of 290814?
2
What is the hundreds digit of 2722403?
4
What is the tens digit of 4228507?
0
What is the hundred thousands digit of 15930260?
9
What is the tens digit of 1346215?
1
What is the units digit of 285142?
2
What is the thousands digit of 3432876?
2
What is the ten thousands digit of 58811?
5
What is the hundred thousands digit of 15628690?
6
What is the hundreds digit of 25029050?
0
What is the ten millions digit of 11982519?
1
What is the hundred thousands digit of 141397?
1
What is the thousands digit of 3930601?
0
What is the hundred thousands digit of 169971?
1
What is the tens digit of 90451?
5
What is the hundred thousands digit of 1348778?
3
What is the hundreds digit of 5108331?
3
What is the tens digit of 16994403?
0
What is the hundred thousands digit of 6276464?
2
What is the units digit of 505827?
7
What is the units digit of 22282910?
0
What is the tens digit of 576259?
5
What is the hundred thousands digit of 2168758?
1
What is the hundreds digit of 81332?
3
What is the units digit of 1525251?
1
What is the ten thousands digit of 307189?
0
What is the units digit of 8669086?
6
What is the thousands digit of 16566460?
6
What is the ten thousands digit of 120381?
2
What is the units digit of 20715436?
6
What is the tens digit of 13357840?
4
What is the ten thousands digit of 1721535?
2
What is the ten thousands digit of 109637?
0
What is the tens digit of 2598909?
0
What is the tens digit of 7629151?
5
What is the hundred thousands digit of 155027?
1
What is the hundred thousands digit of 3031807?
0
What is the thousands digit of 128553?
8
What is the units digit of 4787480?
0
What is the units digit of 254216?
6
What is the thousands digit of 175707?
5
What is the thousands digit of 2378901?
8
What is the ten thousands digit of 170552?
7
What is the ten thousands digit of 2628165?
2
What is the units digit of 584064?
4
What is the tens digit of 1487550?
5
What is the millions digit of 8447776?
8
What is the thousands digit of 397012?
7
What is the hundreds digit of 2214690?
6
What is the ten millions digit of 14509482?
1
What is the hundred thousands digit of 860074?
8
What is the hundreds digit of 10692441?
4
What is the ten thousands digit of 1168262?
6
What is the units digit of 359736?
6
What is the hundreds digit of 265584?
5
What is the ten thousands digit of 4266285?
6
What is the ten thousands digit of 521721?
2
What is the millions digit of 1285827?
1
What is the tens digit of 6498367?
6
What is the thousands digit of 104740?
4
What is the millions digit of 3717510?
3
What is the tens digit of 1374889?
8
What is the tens digit of 13672789?
8
What is the hundreds digit of 168967?
9
What is the ten thousands digit of 4438735?
3
What is the tens digit of 505767?
6
What is the ten thousands digit of 8201418?
0
What is the millions digit of 2243829?
2
What is the ten millions digit of 33603037?
3
What is the thousands digit of 1903691?
3
What is the ten thousands digit of 8536056?
3
What is the thousands digit of 2147654?
7
What is the units digit of 133977?
7
What is the hundreds digit of 7727896?
8
What is the millions digit of 1387380?
1
What is the thousands digit of 2243782?
3
What is the hundred thousands digit of 208360?
2
What is the ten thousands digit of 253269?
5
What is the thousands digit of 874215?
4
What is the thousands digit of 1494988?
4
What is the units digit of 220682?
2
What is the hundreds digit of 3677959?
9
What is the tens digit of 297926?
2
What is the millions digit of 1614490?
1
What is the thousands digit of 2751918?
1
What is the units digit of 1301947?
7
What is the tens digit of 92441?
4
What is the hundred thousands digit of 1057230?
0
What is the thousands digit of 3627198?
7
What is the ten thousands digit of 10136472?
3
What is the ten thousands digit of 320523?
2
What is the ten thousands digit of 673492?
7
What is the millions digit of 26695098?
6
What is the tens digit of 585501?
0
What is the units digit of 449743?
3
What is the hundreds digit of 167306?
3
What is the hundred thousands digit of 429519?
4
What is the ten thousands digit of 16041555?
4
What is the thousands digit of 9058414?
8
What is the thousands digit of 123377?
3
What is the hundred thousands digit of 634354?
6
What is the ten thousands digit of 348478?
4
What is the units digit of 548112?
2
What is the hundred thousands digit of 7293468?
2
What is the thousands digit of 350062?
0
What is the ten thousands digit of 436752?
3
What is the millions digit of 4441217?
4
What is the thousands digit of 2118?
2
What is the units digit of 11966?
6
What is the millions digit of 2270042?
2
What is the millions digit of 1263743?
1
What is the ten thousands digit of 927685?
2
What is the hundred thousands digit of 338788?
3
What is the units digit of 13969759?
9
What is the ten millions digit of 18438933?
1
What is the tens digit of 2146785?
8
What is the units digit of 123125?
5
What is the hundred thousands digit of 10858553?
8
What is the hundreds digit of 1558587?
5
What is the thousands digit of 33272?
3
What is the tens digit of 30026763?
6
What is the thousands digit of 175060?
5
What is the thousands digit of 7913004?
3
What is the millions digit of 1631111?
1
What is the hundred thousands digit of 208502?
2
What is the hundreds digit of 15343?
3
What is the units digit of 14075827?
7
What is the ten thousands digit of 2712154?
1
What is the ten thousands digit of 1548538?
4
What is the thousands digit of 102283?
2
What is the ten thousands digit of 2189400?
8
What is the thousands digit of 342363?
2
What is the hundreds digit of 6239185?
1
What is the units digit of 1537557?
7
What is the hundreds digit of 815903?
9
What is the ten thousands digit of 16157172?
5
What is the tens digit of 550180?
8
What is the units digit of 1013420?
0
What is the hundred thousands digit of 9574040?
5
What is the hundreds digit of 2103312?
3
What is the thousands digit of 14406129?
6
What is the hundred thousands digit of 9052204?
0
What is the hundred thousands digit of 856422?
8
What is the units digit of 16866649?
9
What is the hundreds digit of 71212?
2
What is the tens digit of 